at is the highest common factor of 55 and x?
5
Let b = -470 + 856. Let r = 498 - b. What is the highest common divisor of r and 140?
28
Suppose 7*k + k = -0*k. Suppose -3*f = 4*s + f - 28, k = 4*s - 4*f - 52. Calculate the highest common divisor of 170 and s.
10
Suppose -8*c + 72*c = -36*c + 6700. Let y be (-5)/(-10) - 2142/(-4). Calculate the highest common factor of c and y.
67
Let l be (29 - 2) + -7 + (1 - -9). Suppose l*m = 147 + 483. Calculate the highest common divisor of m and 112.
7
Let z be (-1*7)/((-4)/(-12))*(-9072)/147. What is the greatest common divisor of 32 and z?
16
Suppose j - 5 + 8 = -44. Suppose 0 = -w - 4*r + 51, -3*r = 2*w - 5*r - 132. Let d = w + j. What is the greatest common factor of d and 4?
4
Let j be 31*-6*(16/(-24))/2. Calculate the greatest common divisor of j and 2108.
62
Let z be 3*(112/6)/2. Suppose -70 = -x + 21*o, 3*x - 680 + 80 = -2*o. Calculate the highest common divisor of x and z.
28
Let z(h) = -4*h - 80. Let s = 562 + -589. Let t be z(s). Calculate the greatest common divisor of t and 49.
7
Suppose -2*z - 70 = -4*z. Let b = 209 + -139. Calculate the greatest common factor of z and b.
35
Let v be -8 + (-85)/34*-16. Calculate the highest common divisor of 2048 and v.
32
Let t = -278 - -189. Let r = 96 + t. Calculate the highest common factor of r and 14.
7
Let j(a) be the third derivative of a**4/3 - 7*a**3/3 + a**2 - 4. Let v be j(5). What is the highest common divisor of v and 13?
13
Let u = -5087 - -5186. What is the highest common factor of u and 2?
1
Suppose 20*t + 0*t + 15*t - 9030 = 0. Calculate the highest common factor of t and 86.
86
Let o = -30640 + 30651. What is the highest common divisor of o and 550?
11
Let c(i) = 4*i**2 + 118*i + 18. Let o be c(-31). Calculate the greatest common factor of 544 and o.
68
Suppose 0 = 35*h - 5457 - 1858. Let b(p) = -p**2 - 9*p + 11. Let w be (4/10)/((-7)/140). Let a be b(w). Calculate the greatest common divisor of a and h.
19
Let i = 696 + -584. What is the greatest common divisor of i and 720?
16
Let o = -738 + 928. Calculate the highest common divisor of 1615 and o.
95
Let a be (-190)/1995 - (-569)/21. Suppose 4 - 52 = -4*w. What is the highest common divisor of w and a?
3
Suppose 35*q + 2029 = 20*q + 6604. What is the greatest common divisor of 5 and q?
5
Suppose 10*d - 40 = 110. Let j be (1*(-39)/(-3))/(-14 + d). Calculate the greatest common factor of 1 and j.
1
Suppose -3*f = 5*d - 10, -5*d = 4*f - 8 - 7. Let g(c) = 4*c**2 - 11*c - 1. Let u be g(f). Calculate the highest common divisor of u and 110.
22
Let v(y) = y**3 - 7*y**2 + 8*y. Let w be v(7). Suppose q + w = 2*q - 3*r, 2*r = -4*q + 210. Let t = 70 - q. Calculate the greatest common divisor of t and 17.
17
Let q be (-89)/(-7) + 12/42. Let l = 132 + -411. Let u = -162 - l. Calculate the highest common divisor of q and u.
13
Suppose -v = 4*k - 871, 3*v = -k + 3*k - 453. Let f = -3743 - -4254. What is the greatest common factor of f and k?
73
Let q(u) = 51*u - 333. Let h be (-34)/85*35/(-2). Let g be q(h). What is the highest common divisor of g and 102?
6
Let w(n) = -188*n - 69. Let z be w(-13). Suppose 5*g + 2*b = 4019, 3*g + b - 36 = z. Calculate the highest common factor of 11 and g.
11
Let c = -281 + 284. Suppose 3*t - 4*t = -c*b + 42, b - 14 = -3*t. Calculate the greatest common factor of b and 154.
14
Suppose 80*c - 7803 = 97*c. Let v = c - -1451. What is the greatest common factor of v and 16?
16
Suppose 4 - 34 = -10*i. Suppose 9 = 3*m - 0, 4*m - 39 = -i*o. Suppose -5*u + 22 = -5*d - 48, -2*u = 5*d - 56. Calculate the greatest common divisor of u and o.
9
Let q(m) = -3*m - 52. Suppose 0 = -2*u - 2*b - 59 - 11, 6 = 2*b. Let y be q(u). What is the highest common divisor of 496 and y?
62
Let u = -1381 + 2844. Suppose o + u = 8*o. Calculate the greatest common divisor of o and 22.
11
Let y = 3456 - 3432. What is the greatest common factor of y and 92?
4
Suppose 5 = -5*a, x + 5*a = 4*a + 27. What is the highest common divisor of x and 49?
7
Let t be 256856/88 + -10*(-8)/440. What is the highest common factor of t and 168?
21
Let k be ((-8)/3)/((-10)/(-25020)*12). Let l = -530 - k. What is the greatest common factor of 117 and l?
13
Let w = -65 + 87. Let q = w + -25. Let x be (-1)/((-6)/(-4)) - 35/q. What is the highest common factor of 33 and x?
11
Let o = 48 - 28. Let n(s) = -s**3 + 11*s**2 - 10*s + 8. Let g = -117 + 121. Let x be n(g). Calculate the greatest common factor of x and o.
20
Let l = 227 - 219. Suppose 0 = -l*y - 212 + 580. What is the greatest common divisor of y and 276?
46
Suppose -86*i + 1236 = 64*i - 47*i. Calculate the highest common divisor of i and 273.
3
Let z(r) = 2*r**2 - 46*r + 46. Suppose -3*x + 6*x - 6 = 0, 3*s + 2*x = 70. Let w be z(s). Calculate the highest common factor of 10 and w.
2
Suppose -40 = -p - 0*p. Let i(m) = -6*m**2 + 557*m + 4520. Let g be i(100). What is the greatest common divisor of p and g?
20
Let l = 20 - 29. Let h = l + 12. Let a(d) = 4*d**3 + 18*d**2 + 4*d + 11. Let g be a(-4). What is the highest common divisor of g and h?
3
Let i(z) = 153*z + 2451. Let k be i(-16). Calculate the greatest common divisor of 13137 and k.
3
Let a be (-9)/18*0/((-6)/3). Suppose 9*t - 2*t - 7 = a. What is the greatest common divisor of 29 and t?
1
Suppose -2*n + 709 = -j, -20*n + 18*n = 5*j - 727. Let v = n + -206. Calculate the highest common divisor of v and 125.
25
Let h(p) = -p**3 - 30*p**2 + 30*p - 5. Let g be h(-31). Suppose -f - 45 = 537. Let c be 5*(f/(-10) + -1). What is the greatest common factor of g and c?
26
Let p(a) = -1375*a - 2860. Let c be p(-3). Calculate the greatest common divisor of c and 40.
5
Let x = 73 - 50. Let o(r) = 8*r - 1. Let s be (9/(-4))/(-4 + 52/16). Let g be o(s). Calculate the highest common factor of x and g.
23
Suppose 2*g - 28 = -16. Suppose -g - 148 = -22*w. Calculate the highest common factor of 315 and w.
7
Suppose 4*w - 16 = -4*w. Suppose 26 = v - 2*h + h, w*v = -5*h + 73. Suppose -v = -4*q + 55. Calculate the highest common divisor of 84 and q.
21
Suppose 0*c + 2*c - 3*x = -43, 2*x - 52 = 3*c. Let s(g) = g**3 + 7*g**2 - 101*g + 8. Let h be s(c). Calculate the highest common factor of h and 225.
25
Suppose 4*w - 3*t - 152 = 0, 16*w - 114 = 13*w - t. What is the greatest common divisor of w and 893?
19
Suppose -b - 29*y + 516 = -26*y, -2*b + 4*y + 1082 = 0. Calculate the highest common divisor of 72 and b.
9
Suppose -3*o - 3205 = -5*f - 6*o, 2*f = -o + 1283. Let d = 684 - f. Calculate the highest common factor of d and 190.
10
Suppose 2*t - 52 = -4*n, -5*n - 81 - 19 = -5*t. Calculate the greatest common factor of t and 32.
2
Let y = -5056 - -5112. Calculate the greatest common divisor of 3416 and y.
56
Let u = 2923 + -2901. Calculate the highest common factor of u and 902.
22
Let k(m) = -3*m + 78. Let x be k(-21). Suppose 6*b - x = -129. What is the highest common factor of 18 and b?
2
Let t(x) = 13*x + 93. Let y be 16/(-24) - (-65)/(-15). Let j be t(y). Calculate the highest common divisor of j and 266.
14
Let v be 60/(-9)*((-56)/(-20) - 4). Suppose v*t = 4*t + 80. Calculate the highest common factor of 160 and t.
20
Let z be ((-96)/(-10))/(4 + (-13481)/3380). Let o be (290/15 - 2)*3. Calculate the greatest common factor of z and o.
52
Let n = 1 - -10. Suppose -p = 8, -272*r - 6 = -267*r + 2*p. Calculate the greatest common factor of n and r.
1
Suppose -4*m + w = -72649, -21*m - 3*w = -26*m + 90799. What is the highest common divisor of 76 and m?
76
Let v = 30664 - 28498. Calculate the highest common divisor of v and 456.
114
Suppose 6*l + 66 = 4*n, 4*n - 12*l + 14*l - 26 = 0. Calculate the greatest common factor of n and 10107.
9
Let y(s) = -52*s - 298 - 165 + 112. Let a be y(-7). Suppose 4*i - 212 = -2*c, c + i + 415 = 5*c. What is the highest common divisor of c and a?
13
Suppose 0*t - 425 = -5*t. Suppose -8*o + 4*o + 4*s + 276 = 0, 4*o - 286 = 2*s. Let n be 5 - (2/6 + o/(-6)). What is the highest common factor of t and n?
17
Suppose t - 148 = -5*r + 2*t, 4*r + 4*t = 128. Suppose -1578 + 6303 = 15*s. What is the greatest common factor of r and s?
15
Let l(t) = -8*t + 29. Let g be l(4). Let a be (g - -2)*2 + (3 - -314). What is the greatest common divisor of 35 and a?
35
Let o(c) = c**3 + 6*c**2 - 21*c - 42. Let k be o(-6